+ -10?
-10342
In base 4, what is 12 + 2332?
3010
In base 5, what is -10 - 104?
-114
In base 10, what is -255 + 8?
-247
In base 2, what is 1001 + 100010000?
100011001
In base 2, what is 1110011 - -101?
1111000
In base 13, what is -57 + 0?
-57
In base 4, what is -13202 - 113?
-13321
In base 16, what is 7c0 - 4?
7bc
In base 12, what is -10a + -1?
-10b
In base 16, what is -1f + 65?
46
In base 16, what is d1 + -4?
cd
In base 4, what is 3330 + -32?
3232
In base 11, what is -2 + 1?
-1
In base 12, what is 4 - 29?
-25
In base 9, what is -838 + 5?
-833
In base 7, what is -2 + -4165?
-4200
In base 7, what is 655 - 0?
655
In base 13, what is 12b - 2?
129
In base 10, what is 6 + -305?
-299
In base 16, what is -46 + -1e?
-64
In base 8, what is 51 - 201?
-130
In base 11, what is 19 - -2?
20
In base 6, what is 2 - -15145?
15151
In base 6, what is 520302 - -4?
520310
In base 2, what is 10011 + -1010100?
-1000001
In base 16, what is -6 - c1e?
-c24
In base 5, what is 11 + 130?
141
In base 2, what is -11011000 - 100001?
-11111001
In base 7, what is 0 - 451?
-451
In base 2, what is -1011001 - 11?
-1011100
In base 13, what is -34 - -1a8?
174
In base 7, what is -142444 - -3?
-142441
In base 14, what is 2 + 13?
15
In base 10, what is 602 + 5?
607
In base 4, what is 10011 + 11?
10022
In base 6, what is -1 + -1131?
-1132
In base 14, what is 0 + -16?
-16
In base 4, what is 111 + -2212?
-2101
In base 10, what is -5 + -2540?
-2545
In base 12, what is -4 - -ab?
a7
In base 15, what is -11 + 7?
-9
In base 11, what is 844 - 3?
841
In base 10, what is -33 + 5?
-28
In base 2, what is 1000000101110 + 11?
1000000110001
In base 15, what is -28e - -4?
-28a
In base 5, what is 403 + -321?
32
In base 5, what is 0 + -310?
-310
In base 15, what is -5 - -73?
6d
In base 10, what is -1 - -1126?
1125
In base 5, what is 312014 + -1?
312013
In base 2, what is -1011011 + -11000000?
-100011011
In base 12, what is -8 - -81?
75
In base 5, what is -1 - 4331?
-4332
In base 3, what is -212 - -12?
-200
In base 6, what is 35 - -42?
121
In base 5, what is 111140 + 4?
111144
In base 8, what is -2 - 3337?
-3341
In base 12, what is 2 - -442?
444
In base 9, what is 53 + -6?
46
In base 11, what is -201 + 0?
-201
In base 10, what is -25 + 34?
9
In base 9, what is -7 - 25?
-33
In base 3, what is -10 - -1022022?
1022012
In base 13, what is -35 + -193?
-1c8
In base 13, what is -37 + -7?
-41
In base 9, what is -547 - 1?
-548
In base 16, what is -1 + 47?
46
In base 14, what is 61 + 4?
65
In base 4, what is -13 - -10020?
10001
In base 12, what is 2 - -151?
153
In base 9, what is 523 + -2?
521
In base 10, what is 78 - 5?
73
In base 14, what is -1 - -91?
90
In base 11, what is 181 + 0?
181
In base 8, what is 61 - -1?
62
In base 2, what is 0 - -10011010?
10011010
In base 13, what is 1b - 16?
5
In base 13, what is -38 + 3a?
2
In base 10, what is -19 - 4?
-23
In base 3, what is 1200 + 2201?
11101
In base 13, what is bb - 94?
27
In base 8, what is -3 + -1061?
-1064
In base 14, what is 1a3 + -12?
191
In base 16, what is 0 - -44?
44
In base 9, what is 6 - 107?
-101
In base 2, what is 100110 + -10001001?
-1100011
In base 8, what is -3 + -7?
-12
In base 4, what is 130 - 11?
113
In base 6, what is 54 - -3?
101
In base 8, what is -7 + -12?
-21
In base 6, what is 540 - -2?
542
In base 10, what is -3 - -631?
628
In base 8, what is -4 + -45?
-51
In base 7, what is 2 + -26321?
-26316
In base 2, what is 100100011 - -10100?
100110111
In base 6, what is -1 - -1051?
1050
In base 15, what is ac + -8?
a4
In base 8, what is -1 - -2?
1
In base 13, what is -79 + -21?
-9a
In base 5, what is -3200 + -1?
-3201
In base 2, what is -101 - -1000101111110?
1000101111001
In base 15, what is -60d - 5?
-613
In base 11, what is 7 + 164a?
1656
In base 10, what is 14 + 5?
19
In base 2, what is 1001011010 - -101?
1001011111
In base 13, what is 136 - 4?
132
In base 6, what is 2 + 21?
23
In base 5, what is -11 + 42?
31
In base 10, what is 2 + 222?
224
In base 13, what is 28 + 319?
344
In base 10, what is 2970 - -3?
2973
In base 16, what is 19 + -1?
18
In base 11, what is 22 + 1?
23
In base 4, what is 1212 - 31?
1121
In base 10, what is -10548 - 5?
-10553
In base 6, what is 4 + 1052?
1100
In base 6, what is -1052 + 2?
-1050
In base 9, what is -14 - 15?
-30
In base 8, what is 154 - 6?
146
In base 3, what is 12 - -10100012?
10100101
In base 6, what is 515 - 0?
515
In base 13, what is 34 - -3?
37
In base 5, what is -403 - 112?
-1020
In base 10, what is 14 + -4?
10
In base 4, what is -213 + 12313?
12100
In base 3, what is -1 + 2112?
2111
In base 6, what is 0 - -52250?
52250
In base 6, what is 524 - 3?
521
In base 6, what is 13444 + -3?
13441
In base 15, what is 18d5 + 5?
18da
In base 14, what is -4 + 1096?
1092
In base 7, what is 6 + -12?
-3
In base 9, what is -672 + 2?
-670
In base 8, what is -17 + -4554?
-4573
In base 3, what is 122111 + 1?
122112
In base 5, what is -213 + -240?
-1003
In base 16, what is -5 - 15?
-1a
In base 9, what is -2 + 1?
-1
In base 8, what is -350 - 4?
-354
In base 3, what is -2021 + 2?
-2012
In base 3, what is -12022 - -10202?
-1120
In base 6, what is 2125 - 5?
2120
In base 11, what is 4 - -509?
512
In base 13, what is 55 - 1b?
37
In base 14, what is -107 + 3?
-104
In base 5, what is -42 + 1032?
440
In base 3, what is 1122 + -21?
1101
In base 13, what is 21 + -2?
1c
In base 5, what is 10 - -143?
203
In base 14, what is 7 + -5b?
-54
In base 12, what is 6099 - 4?
6095
In base 16, what is -9f2 + 7?
-9eb
In base 10, what is 29 + 21?
50
In base 2, what is 11011 - -101?
100000
In base 7, what is 1443 - 0?
1443
In base 10, what is -4 - -3881?
3877
In base 6, what is -14420 + -4?
-14424
In base 5, what is 2320 - 0?
2320
In base 9, what is -71 - 2?
-73
In base 9, what is 25 - -15?
41
In base 16, what is d + -b1?
-a4
In base 14, what is 4 - 25?
-21
In base 12, what is 10 + 27?
37
In base 10, what is 7 + 104?
111
In base 7, what is -4 - 40?
-44
In base 5, what is -4 - 134301?
-134310
In base 12, what is 5 + 118?
121
In base 4, what is 10012 - -101?
10113
In base 10, what is 13 - -1?
14
In base 5, what is -1002 - 1?
-1003
In base 10, what is 0 + 39?
39
In base 13, what is -2 + b68?
b66
In base 5, what is -434 + -3?
-442
In base 12, what is -4a + 12?
-38
In base 10, what is 2318 + -3?
2315
In base 13, what is -4 + 615?
611
In base 12, what is -3 - 20aa?
-20b1
In base 13, what is 4 - -3?
7
In base 16, what is -2 + -26?
-28
In base 2, what is -1000010 + 10?
-1000000
In base 6, what is -50 - -340?
250
In base 4, what is 1020 + 120?
1200
In base 4, what is 1033 - 3?
1030
In base 4, what is 2 - -13220?
13222
In base 7, what is 1 + 22022?
22023
In base 9, what is 2 + -78?
-76
In base 2, what is 1101111101 - 10010?
1101101011
In base 6, what is 3 - 24?
-21
In base 8, what is 2 - -14?
16
In base 16, what is -255 - -b?
-24a
In base 3, what is 10000 + -11121?
-1121
In base 14, what is -324a + 2?
-3248
In base 8, what is 11 + -35?
-24
In base 11, what is -3 + 15?
12
In base 5, what is 1333 + -1?
1332
In base 5, what is -40 - -40?
0
In base 12, what is 7a04 + 1?
7a05
In base 9, what is 4 + 2434?
2438
In base 4, what is -3110 - 2?
-3112
In base 10, what is 1 + -155?
-154
In base 13, what is -1b15 + -3?
-1b18
In base 15, what is 2d9 + 2?
2db
In base 8, what is 24 + 1306?
1332
In base 9, what is 25 + -4?
21
In base 8, what is 73 - -2?
75
In base 8, what is 5 + 4375?
4402
In base 4, what is -13312 - 12?
-13330
In base 9, what is -2645 - 5?
-2651
In base 15, what is 3796 - 4?
3792
In base 2, what is 1011111000111 + -1?
1011111000110
In base 16, what is -70f + 14?
-6fb
In base 7, what is 126 - 16?
110
In base 9, what is 17 + 22?
40
In base 8, what is 0 + 2?
2
In base 10, what is 4 + 143?
147
In base 8, what is 3 - 37?
-34
In base 7, what is -1053 - -4?
-1046
In base 2, what is -1001101 - -111111?
-1110
In base 8, what is -15 - -15?
0
In base 5, what is -2004 + -10?
-2014
In base 10, what is 1 + -105?
-104
In base 7, what is 2132 - -1?
2133
In base 7, what is 0 + 146?
146
In base 7, what is -3 + 152?
146
In base 12, what is -14 - 24?
-38
In base 6, what is 2 - 152?
-150
In base 16, what is -3 - 0?
-3
In base 12, what is 7921 - -2?
7923
In base 3, what is -20012 + 20?
-12222
In base 6, what is -52345 + -4?
-52353
In base 5, what is 113 - -4?
122
In base 3, what 